7
What is the ten thousands digit of 10857?
1
What is the units digit of 3718?
8
What is the ten thousands digit of 15626?
1
What is the ten thousands digit of 13150?
1
What is the hundreds digit of 1860?
8
What is the hundreds digit of 120162?
1
What is the tens digit of 286?
8
What is the ten thousands digit of 10065?
1
What is the units digit of 59?
9
What is the hundreds digit of 19589?
5
What is the hundreds digit of 1195?
1
What is the units digit of 8080?
0
What is the hundreds digit of 373?
3
What is the units digit of 13576?
6
What is the ten thousands digit of 118650?
1
What is the tens digit of 52624?
2
What is the thousands digit of 3890?
3
What is the ten thousands digit of 86238?
8
What is the thousands digit of 34749?
4
What is the hundreds digit of 732?
7
What is the thousands digit of 15617?
5
What is the tens digit of 525?
2
What is the ten thousands digit of 17544?
1
What is the hundreds digit of 14030?
0
What is the thousands digit of 1174?
1
What is the hundreds digit of 2546?
5
What is the hundreds digit of 98193?
1
What is the hundreds digit of 56952?
9
What is the thousands digit of 19353?
9
What is the thousands digit of 18492?
8
What is the tens digit of 299?
9
What is the hundreds digit of 643?
6
What is the units digit of 14496?
6
What is the units digit of 6?
6
What is the tens digit of 518?
1
What is the hundreds digit of 3391?
3
What is the hundreds digit of 266?
2
What is the units digit of 657?
7
What is the hundreds digit of 431?
4
What is the units digit of 2360?
0
What is the tens digit of 8512?
1
What is the ten thousands digit of 112007?
1
What is the hundred thousands digit of 158421?
1
What is the tens digit of 36942?
4
What is the units digit of 7346?
6
What is the thousands digit of 86195?
6
What is the ten thousands digit of 47577?
4
What is the ten thousands digit of 27606?
2
What is the tens digit of 34737?
3
What is the ten thousands digit of 20613?
2
What is the ten thousands digit of 16312?
1
What is the thousands digit of 57699?
7
What is the hundreds digit of 1208?
2
What is the ten thousands digit of 19270?
1
What is the tens digit of 751?
5
What is the hundreds digit of 16004?
0
What is the thousands digit of 25371?
5
What is the hundreds digit of 9100?
1
What is the thousands digit of 6373?
6
What is the ten thousands digit of 29431?
2
What is the ten thousands digit of 92296?
9
What is the hundreds digit of 12543?
5
What is the units digit of 11029?
9
What is the ten thousands digit of 37444?
3
What is the hundreds digit of 1081?
0
What is the units digit of 73818?
8
What is the thousands digit of 2197?
2
What is the tens digit of 1360?
6
What is the hundreds digit of 728?
7
What is the units digit of 747?
7
What is the tens digit of 79288?
8
What is the thousands digit of 10271?
0
What is the tens digit of 896?
9
What is the ten thousands digit of 176420?
7
What is the units digit of 6585?
5
What is the hundreds digit of 143876?
8
What is the hundreds digit of 105956?
9
What is the units digit of 7246?
6
What is the units digit of 1949?
9
What is the tens digit of 4682?
8
What is the units digit of 1691?
1
What is the ten thousands digit of 13297?
1
What is the tens digit of 794?
9
What is the ten thousands digit of 25234?
2
What is the units digit of 591?
1
What is the thousands digit of 1617?
1
What is the units digit of 2452?
2
What is the units digit of 1508?
8
What is the thousands digit of 63080?
3
What is the tens digit of 982?
8
What is the hundreds digit of 53957?
9
What is the thousands digit of 10580?
0
What is the hundreds digit of 2906?
9
What is the hundreds digit of 4946?
9
What is the tens digit of 266?
6
What is the units digit of 634?
4
What is the units digit of 691?
1
What is the units digit of 17?
7
What is the hundreds digit of 1551?
5
What is the units digit of 250?
0
What is the units digit of 91187?
7
What is the thousands digit of 82853?
2
What is the units digit of 991?
1
What is the tens digit of 6014?
1
What is the units digit of 6453?
3
What is the thousands digit of 43074?
3
What is the units digit of 1775?
5
What is the hundreds digit of 953?
9
What is the units digit of 950?
0
What is the tens digit of 2427?
2
What is the tens digit of 29983?
8
What is the units digit of 547?
7
What is the tens digit of 16936?
3
What is the hundreds digit of 13931?
9
What is the thousands digit of 67981?
7
What is the tens digit of 503?
0
What is the thousands digit of 7224?
7
What is the units digit of 3908?
8
What is the hundreds digit of 24279?
2
What is the units digit of 2024?
4
What is the ten thousands digit of 65363?
6
What is the hundreds digit of 192?
1
What is the thousands digit of 1736?
1
What is the ten thousands digit of 19273?
1
What is the tens digit of 5934?
3
What is the thousands digit of 12419?
2
What is the tens digit of 2108?
0
What is the thousands digit of 3229?
3
What is the tens digit of 4181?
8
What is the thousands digit of 2486?
2
What is the units digit of 59?
9
What is the tens digit of 856?
5
What is the hundreds digit of 190695?
6
What is the hundreds digit of 56168?
1
What is the thousands digit of 14651?
4
What is the hundreds digit of 7790?
7
What is the tens digit of 4075?
7
What is the hundreds digit of 31850?
8
What is the units digit of 4438?
8
What is the units digit of 3897?
7
What is the hundreds digit of 4251?
2
What is the units digit of 771?
1
What is the thousands digit of 7372?
7
What is the thousands digit of 2545?
2
What is the tens digit of 6852?
5
What is the units digit of 913?
3
What is the tens digit of 4026?
2
What is the hundreds digit of 3404?
4
What is the hundreds digit of 757?
7
What is the hundreds digit of 128224?
2
What is the hundreds digit of 7171?
1
What is the thousands digit of 4236?
4
What is the units digit of 2858?
8
What is the tens digit of 1320?
2
What is the hundreds digit of 957?
9
What is the hundreds digit of 679?
6
What is the units digit of 944?
4
What is the tens digit of 8096?
9
What is the thousands digit of 3007?
3
What is the thousands digit of 6780?
6
What is the hundreds digit of 1588?
5
What is the units digit of 3223?
3
What is the hundreds digit of 312?
3
What is the units digit of 64785?
5
What is the units digit of 168585?
5
What is the hundreds digit of 6311?
3
What is the units digit of 4987?
7
What is the thousands digit of 153977?
3
What is the units digit of 8246?
6
What is the hundreds digit of 1038?
0
What is the hundreds digit of 1294?
2
What is the units digit of 30823?
3
What is the ten thousands digit of 77582?
7
What is the units digit of 38424?
4
What is the tens digit of 21?
2
What is the units digit of 50506?
6
What is the units digit of 951?
1
What is the hundreds digit of 5241?
2
What is the hundreds digit of 2933?
9
What is the thousands digit of 36592?
6
What is the units digit of 806?
6
What is the tens digit of 879?
7
What is the tens digit of 40404?
0
What is the hundreds digit of 13572?
5
What is the tens digit of 49209?
0
What is the thousands digit of 3211?
3
What is the tens digit of 2301?
0
What is the tens digit of 3898?
9
What is the units digit of 1035?
5
What is the hundreds digit of 8948?
9
What is the ten thousands digit of 43971?
4
What is the tens digit of 12597?
9
What is the units digit of 2051?
1
What is the hundreds digit of 35292?
2
What is the thousands digit of 2143?
2
What is the units digit of 4072?
2
What is the tens digit of 11046?
4
What is the ten thousands digit of 60169?
6
What is the hundreds digit of 481?
4
What is the units digit of 749?
9
What is the tens digit of 5683?
8
What is the ten thousands digit of 36717?
3
What is the units digit of 8286?
6
What is the tens digit of 11556?
5
What is the thousands digit of 1880?
1
What is the units digit of 11569?
9
What is the units digit of 3030?
0
What is the units digit of 5603?
3
What is the hundreds digit of 49016?
0
What is the hundreds digit of 361?
3
What is the hundreds digit of 570?
5
What is the hundreds digit of 126270?
2
What is the units digit of 2405?
5
What is the hundreds digit of 9810?
8
What is the thousands digit of 8375?
8
What is the tens digit of 250?
5
What is the ten thousands digit of 30681?
3
What is the hundreds digit of 33831?
8
What is the units digit 